{"id":81,"date":"2020-01-24T23:38:03","date_gmt":"2020-01-24T22:38:03","guid":{"rendered":"http:\/\/rogacz.biz\/?page_id=81"},"modified":"2020-03-23T18:43:22","modified_gmt":"2020-03-23T17:43:22","slug":"obwody-lowieckie","status":"publish","type":"page","link":"http:\/\/rogacz.biz\/index.php\/obwody-lowieckie\/","title":{"rendered":"Obwody \u0142owieckie"},"content":{"rendered":"<hr \/>\n<p><span style=\"color: #000000;\">Zgodnie z Ustaw\u0105 Prawo \u0141owieckie obw\u00f3d \u0142owiecki stanowi obszar grunt\u00f3w o ci\u0105g\u0142ej powierzchni, zamkni\u0119tej\u00a0jego granicami, nie mniejszy ni\u017c trzy tysi\u0105ce hektar\u00f3w, na kt\u00f3rego obszarze istniej\u0105 warunki do prowadzenia \u0142owiectwa.<\/span><br \/>\n<span style=\"color: #000000;\">Ko\u0142o\u00a0\u0141owieckie\u00a0&#8222;Rogacz&#8221;\u00a0w Mi\u0119dzyrzeczu gospodaruje na terenie trzech obwod\u00f3w \u0142owieckich o \u0142\u0105cznej powierzchni 14 500 ha.<\/span><\/p>\n<p><img loading=\"lazy\" decoding=\"async\" class=\"alignnone size-large wp-image-160\" src=\"http:\/\/rogacz.biz\/wp-content\/uploads\/2020\/01\/DSC_1015-scaled-e1580025296588-1024x346.jpg\" alt=\"\" width=\"1024\" height=\"346\" srcset=\"http:\/\/rogacz.biz\/wp-content\/uploads\/2020\/01\/DSC_1015-scaled-e1580025296588-1024x346.jpg 1024w, http:\/\/rogacz.biz\/wp-content\/uploads\/2020\/01\/DSC_1015-scaled-e1580025296588-300x101.jpg 300w, http:\/\/rogacz.biz\/wp-content\/uploads\/2020\/01\/DSC_1015-scaled-e1580025296588-768x259.jpg 768w, http:\/\/rogacz.biz\/wp-content\/uploads\/2020\/01\/DSC_1015-scaled-e1580025296588-1536x518.jpg 1536w, http:\/\/rogacz.biz\/wp-content\/uploads\/2020\/01\/DSC_1015-scaled-e1580025296588-2048x691.jpg 2048w\" sizes=\"auto, (max-width: 1024px) 100vw, 1024px\" \/><\/p>\n<p><span style=\"color: #000000;\">Obwody \u0142owieckie usytuowane s\u0105 zgodnie z podzia\u0142em:<\/span><\/p>\n<ul>\n<li><span style=\"color: #000000;\">administracyjnym: na terenie wojew\u00f3dztwa lubuskiego w powiecie mi\u0119dzyrzeckim,<\/span><\/li>\n<li><span style=\"color: #000000;\">przynale\u017cno\u015bci do poszczeg\u00f3lnych Nadle\u015bnictw:\u00a0<\/span>\n<ul>\n<li><span style=\"color: #000000;\"><a style=\"color: #000000;\" href=\"http:\/\/www.miedzyrzecz.szczecin.lasy.gov.pl\/\">Nadle\u015bnictwo Mi\u0119dzyrzecz<\/a>,\u00a0<\/span><\/li>\n<li><span style=\"color: #000000;\"><a style=\"color: #000000;\" href=\"http:\/\/www.skwierzyna.szczecin.lasy.gov.pl\/\">Nadle\u015bnictwo Skwierzyna<\/a>,<\/span><\/li>\n<\/ul>\n<\/li>\n<li><span style=\"color: #000000;\">na numery obwod\u00f3w \u0142owieckich 69, 70,71.<\/span><\/li>\n<\/ul>\n<hr \/>\n<p><span style=\"color: #000000;\">W obwodach Ko\u0142a \u0141owieckiego ,,Rogacz&#8221; w Mi\u0119dzyrzeczu bezpo\u015bredni nadz\u00f3r nad prawid\u0142ow\u0105 gospodark\u0105 \u0142owieck\u0105 sprawuje dw\u00f3ch stra\u017cnik\u00f3w \u0142owieckich:<\/span><\/p>\n<ol>\n<li style=\"list-style-type: none;\">\n<ol>\n<li><span style=\"color: #000000;\">\u00a0Jan Szczanowicz &#8211; obw\u00f3d 70 i 71<\/span><\/li>\n<li><span style=\"color: #000000;\">\u00a0Tomasz Bagi\u0144ski &#8211; obw\u00f3d 69<\/span><\/li>\n<\/ol>\n<\/li>\n<\/ol>\n","protected":false},"excerpt":{"rendered":"<p>Zgodnie z Ustaw\u0105 Prawo \u0141owieckie obw\u00f3d \u0142owiecki stanowi obszar grunt\u00f3w o ci\u0105g\u0142ej powierzchni, zamkni\u0119tej\u00a0jego granicami, nie mniejszy ni\u017c trzy tysi\u0105ce hektar\u00f3w, na kt\u00f3rego obszarze istniej\u0105 warunki do prowadzenia \u0142owiectwa. Ko\u0142o\u00a0\u0141owieckie\u00a0&#8222;Rogacz&#8221;\u00a0w Mi\u0119dzyrzeczu gospodaruje na terenie trzech obwod\u00f3w \u0142owieckich o \u0142\u0105cznej powierzchni 14 500 ha. Obwody \u0142owieckie usytuowane s\u0105 zgodnie z podzia\u0142em: administracyjnym: na terenie wojew\u00f3dztwa lubuskiego [&hellip;]<\/p>\n","protected":false},"author":1,"featured_media":126,"parent":0,"menu_order":0,"comment_status":"closed","ping_status":"closed","template":"","meta":{"footnotes":""},"class_list":["post-81","page","type-page","status-publish","has-post-thumbnail","hentry"],"_links":{"self":[{"href":"http:\/\/rogacz.biz\/index.php\/wp-json\/wp\/v2\/pages\/81","targetHints":{"allow":["GET"]}}],"collection":[{"href":"http:\/\/rogacz.biz\/index.php\/wp-json\/wp\/v2\/pages"}],"about":[{"href":"http:\/\/rogacz.biz\/index.php\/wp-json\/wp\/v2\/types\/page"}],"author":[{"embeddable":true,"href":"http:\/\/rogacz.biz\/index.php\/wp-json\/wp\/v2\/users\/1"}],"replies":[{"embeddable":true,"href":"http:\/\/rogacz.biz\/index.php\/wp-json\/wp\/v2\/comments?post=81"}],"version-history":[{"count":5,"href":"http:\/\/rogacz.biz\/index.php\/wp-json\/wp\/v2\/pages\/81\/revisions"}],"predecessor-version":[{"id":287,"href":"http:\/\/rogacz.biz\/index.php\/wp-json\/wp\/v2\/pages\/81\/revisions\/287"}],"wp:featuredmedia":[{"embeddable":true,"href":"http:\/\/rogacz.biz\/index.php\/wp-json\/wp\/v2\/media\/126"}],"wp:attachment":[{"href":"http:\/\/rogacz.biz\/index.php\/wp-json\/wp\/v2\/media?parent=81"}],"curies":[{"name":"wp","href":"https:\/\/api.w.org\/{rel}","templated":true}]}}

Obwody łowieckie

<hr />
<p><span style="color: #000000;">Zgodnie z Ustawą Prawo Łowieckie obwód łowiecki stanowi obszar gruntów o ciągłej powierzchni, zamkniętej jego granicami, nie mniejszy niż trzy tysiące hektarów, na którego obszarze istnieją warunki do prowadzenia łowiectwa.</span><br />
<span style="color: #000000;">Koło Łowieckie &#8222;Rogacz&#8221; w Międzyrzeczu gospodaruje na terenie trzech obwodów łowieckich o łącznej powierzchni 14 500 ha.</span></p>
<p><img loading="lazy" decoding="async" class="alignnone size-large wp-image-160" src="http://rogacz.biz/wp-content/uploads/2020/01/DSC_1015-scaled-e1580025296588-1024x346.jpg" alt="" width="1024" height="346" srcset="http://rogacz.biz/wp-content/uploads/2020/01/DSC_1015-scaled-e1580025296588-1024x346.jpg 1024w, http://rogacz.biz/wp-content/uploads/2020/01/DSC_1015-scaled-e1580025296588-300x101.jpg 300w, http://rogacz.biz/wp-content/uploads/2020/01/DSC_1015-scaled-e1580025296588-768x259.jpg 768w, http://rogacz.biz/wp-content/uploads/2020/01/DSC_1015-scaled-e1580025296588-1536x518.jpg 1536w, http://rogacz.biz/wp-content/uploads/2020/01/DSC_1015-scaled-e1580025296588-2048x691.jpg 2048w" sizes="auto, (max-width: 1024px) 100vw, 1024px" /></p>
<p><span style="color: #000000;">Obwody łowieckie usytuowane są zgodnie z podziałem:</span></p>
<ul>
<li><span style="color: #000000;">administracyjnym: na terenie województwa lubuskiego w powiecie międzyrzeckim,</span></li>
<li><span style="color: #000000;">przynależności do poszczególnych Nadleśnictw: </span>
<ul>
<li><span style="color: #000000;"><a style="color: #000000;" href="http://www.miedzyrzecz.szczecin.lasy.gov.pl/">Nadleśnictwo Międzyrzecz</a>, </span></li>
<li><span style="color: #000000;"><a style="color: #000000;" href="http://www.skwierzyna.szczecin.lasy.gov.pl/">Nadleśnictwo Skwierzyna</a>,</span></li>
</ul>
</li>
<li><span style="color: #000000;">na numery obwodów łowieckich 69, 70,71.</span></li>
</ul>
<hr />
<p><span style="color: #000000;">W obwodach Koła Łowieckiego ,,Rogacz&#8221; w Międzyrzeczu bezpośredni nadzór nad prawidłową gospodarką łowiecką sprawuje dwóch strażników łowieckich:</span></p>
<ol>
<li style="list-style-type: none;">
<ol>
<li><span style="color: #000000;"> Jan Szczanowicz &#8211; obwód 70 i 71</span></li>
<li><span style="color: #000000;"> Tomasz Bagiński &#8211; obwód 69</span></li>
</ol>
</li>
</ol>

<p>Zgodnie z Ustawą Prawo Łowieckie obwód łowiecki stanowi obszar gruntów o ciągłej powierzchni, zamkniętej jego granicami, nie mniejszy niż trzy tysiące hektarów, na którego obszarze istnieją warunki do prowadzenia łowiectwa. Koło Łowieckie &#8222;Rogacz&#8221; w Międzyrzeczu gospodaruje na terenie trzech obwodów łowieckich o łącznej powierzchni 14 500 ha. Obwody łowieckie usytuowane są zgodnie z podziałem: administracyjnym: na terenie województwa lubuskiego [&hellip;]</p>
