{"id":2,"date":"2020-01-23T19:58:40","date_gmt":"2020-01-23T19:58:40","guid":{"rendered":"http:\/\/rogacz.biz\/?page_id=2"},"modified":"2025-10-26T16:45:42","modified_gmt":"2025-10-26T15:45:42","slug":"przykladowa-strona","status":"publish","type":"page","link":"http:\/\/rogacz.biz\/index.php\/przykladowa-strona\/","title":{"rendered":"Szkody \u0142owieckie"},"content":{"rendered":"\r\n<p><a href=\"http:\/\/rogacz.biz\/wp-content\/uploads\/2025\/10\/Wniosek-o-szacowanie-szkody-loweickiej.pdf\">Wniosek o szacowanie szkody \u0142oweickiej<\/a><\/p>\r\n<hr \/>\r\n<p style=\"text-align: left;\"><span style=\"color: #000000;\"><strong>Szkody \u0142owieckie<\/strong>\u00a0wyst\u0119puj\u0105 we wszystkich \u015brodowiskach przyrodniczych, kt\u00f3re zosta\u0142y zagospodarowane przez cz\u0142owieka. Dotycz\u0105 one zar\u00f3wno gospodarki rolnej, le\u015bnej jak i rybackiej. Zwierz\u0119ta do swojej egzystencji wykorzystuj\u0105 dwa biotopy: polny i le\u015bny. Zar\u00f3wno w jednym jak i w drugim biotopie r\u00f3\u017cne gatunki zwierz\u0105t poprzez sw\u00f3j byt powoduj\u0105 szkody, kt\u00f3rych nie da si\u0119 unikn\u0105\u0107. My\u015bliwi przy wsp\u00f3\u0142pracy z w\u0142a\u015bcicielami grunt\u00f3w na kt\u00f3rych znajduj\u0105 si\u0119 dzier\u017cawione obwody \u0142owieckie nie s\u0105 w stanie w stu procentach unikn\u0105\u0107 szk\u00f3d \u0142owieckich. Wsp\u00f3lny wysi\u0142ek i praca umo\u017cliwia redukowanie i zapobieganie powstawaniu szk\u00f3d, kt\u00f3re zar\u00f3wno dla my\u015bliwych jak i dla w\u0142a\u015bcicieli grunt\u00f3w nie s\u0105 po\u017c\u0105dane.<\/span><\/p>\r\n<hr \/>\r\n<p><img loading=\"lazy\" decoding=\"async\" class=\" wp-image-89 aligncenter\" src=\"http:\/\/rogacz.biz\/wp-content\/uploads\/2020\/01\/Szkody_owieckie.jpg\" alt=\"\" width=\"807\" height=\"292\" srcset=\"http:\/\/rogacz.biz\/wp-content\/uploads\/2020\/01\/Szkody_owieckie.jpg 710w, http:\/\/rogacz.biz\/wp-content\/uploads\/2020\/01\/Szkody_owieckie-300x109.jpg 300w\" sizes=\"auto, (max-width: 807px) 100vw, 807px\" \/><\/p>\r\n<p>&nbsp;<\/p>\r\n<p style=\"text-align: center;\"><span style=\"color: #000000;\"><strong style=\"font-size: 1.125rem;\">SPOS\u00d3B ZG\u0141ASZAN<\/strong><strong style=\"font-size: 1.125rem;\">IA SZK\u00d3D \u0141OWIECKICH\u00a0<br \/><\/strong><strong>W UPRAWACH ROLNYCH<br \/><\/strong><\/span><\/p>\r\n<p align=\"JUSTIFY\"><span style=\"color: #000000;\">Zarz\u0105d Ko\u0142a \u0141owieckiego informuje, \u017ce wnioski dotycz\u0105ce oszacowania szk\u00f3d \u0142owieckich w uprawach rolnych przyjmowane s\u0105 tylko i wy\u0142\u0105cznie w formie pisemnej i kierowane winny by\u0107 na adres siedziby ko\u0142a na druku (do pobrania poni\u017cej adresu) za po\u015brednictwem poczty tradycyjnej.<\/span><\/p>\r\n<p style=\"text-align: center;\" align=\"JUSTIFY\"><span style=\"color: #000000;\"><strong>Ko\u0142o \u0141owieckie &#8222;Rogacz&#8221; w Mi\u0119dzyrzeczu<br \/><\/strong><strong style=\"font-size: 1rem;\">Mi\u0119dzyrzecz &#8211; Wybudowanie 58<br \/><\/strong><strong>66-300 Mi\u0119dzyrzecz<\/strong><\/span><\/p>\r\n<hr \/>\r\n<h3 align=\"JUSTIFY\">Do pobrania:<\/h3>\r\n<ul>\r\n<li style=\"text-align: left;\"><span style=\"color: #000000;\"><a href=\"http:\/\/rogacz.biz\/wp-content\/uploads\/2025\/10\/Wniosek-o-szacowanie-szkody-loweickiej.pdf\">Wniosek o szacowanie szkody \u0142oweickiej<\/a> (pobierz)<\/span><\/li>\r\n<\/ul>\r\n","protected":false},"excerpt":{"rendered":"<p>Wniosek o szacowanie szkody \u0142oweickiej Szkody \u0142owieckie\u00a0wyst\u0119puj\u0105 we wszystkich \u015brodowiskach przyrodniczych, kt\u00f3re zosta\u0142y zagospodarowane przez cz\u0142owieka. Dotycz\u0105 one zar\u00f3wno gospodarki rolnej, le\u015bnej jak i rybackiej. Zwierz\u0119ta do swojej egzystencji wykorzystuj\u0105 dwa biotopy: polny i le\u015bny. Zar\u00f3wno w jednym jak i w drugim biotopie r\u00f3\u017cne gatunki zwierz\u0105t poprzez sw\u00f3j byt powoduj\u0105 szkody, kt\u00f3rych nie da si\u0119 [&hellip;]<\/p>\n","protected":false},"author":1,"featured_media":89,"parent":0,"menu_order":0,"comment_status":"closed","ping_status":"open","template":"","meta":{"footnotes":""},"class_list":["post-2","page","type-page","status-publish","has-post-thumbnail","hentry"],"_links":{"self":[{"href":"http:\/\/rogacz.biz\/index.php\/wp-json\/wp\/v2\/pages\/2","targetHints":{"allow":["GET"]}}],"collection":[{"href":"http:\/\/rogacz.biz\/index.php\/wp-json\/wp\/v2\/pages"}],"about":[{"href":"http:\/\/rogacz.biz\/index.php\/wp-json\/wp\/v2\/types\/page"}],"author":[{"embeddable":true,"href":"http:\/\/rogacz.biz\/index.php\/wp-json\/wp\/v2\/users\/1"}],"replies":[{"embeddable":true,"href":"http:\/\/rogacz.biz\/index.php\/wp-json\/wp\/v2\/comments?post=2"}],"version-history":[{"count":16,"href":"http:\/\/rogacz.biz\/index.php\/wp-json\/wp\/v2\/pages\/2\/revisions"}],"predecessor-version":[{"id":619,"href":"http:\/\/rogacz.biz\/index.php\/wp-json\/wp\/v2\/pages\/2\/revisions\/619"}],"wp:featuredmedia":[{"embeddable":true,"href":"http:\/\/rogacz.biz\/index.php\/wp-json\/wp\/v2\/media\/89"}],"wp:attachment":[{"href":"http:\/\/rogacz.biz\/index.php\/wp-json\/wp\/v2\/media?parent=2"}],"curies":[{"name":"wp","href":"https:\/\/api.w.org\/{rel}","templated":true}]}}